{"id":3143,"date":"2022-10-19T21:35:49","date_gmt":"2022-10-19T21:35:49","guid":{"rendered":"http:\/\/www.coralherrero.com\/?page_id=3143"},"modified":"2022-10-19T21:50:22","modified_gmt":"2022-10-19T21:50:22","slug":"marian-torres-soprano","status":"publish","type":"page","link":"http:\/\/www.coralherrero.com\/?page_id=3143","title":{"rendered":"Marian Torres &#8211; Soprano"},"content":{"rendered":"\t\t<div data-elementor-type=\"wp-page\" data-elementor-id=\"3143\" class=\"elementor elementor-3143\">\n\t\t\t\t\t\t\t\t\t<section class=\"elementor-section elementor-top-section elementor-element elementor-element-edcbd64 elementor-section-boxed elementor-section-height-default elementor-section-height-default\" data-id=\"edcbd64\" data-element_type=\"section\">\n\t\t\t\t\t\t<div class=\"elementor-container elementor-column-gap-default\">\n\t\t\t\t\t<div class=\"elementor-column elementor-col-25 elementor-top-column elementor-element elementor-element-a0648f0\" data-id=\"a0648f0\" data-element_type=\"column\">\n\t\t\t<div class=\"elementor-widget-wrap\">\n\t\t\t\t\t\t\t\t\t<\/div>\n\t\t<\/div>\n\t\t\t\t<div class=\"elementor-column elementor-col-50 elementor-top-column elementor-element elementor-element-0e44b79\" data-id=\"0e44b79\" data-element_type=\"column\">\n\t\t\t<div class=\"elementor-widget-wrap elementor-element-populated\">\n\t\t\t\t\t\t\t\t<div class=\"elementor-element elementor-element-7432a50 elementor-widget elementor-widget-image\" data-id=\"7432a50\" data-element_type=\"widget\" data-widget_type=\"image.default\">\n\t\t\t\t<div class=\"elementor-widget-container\">\n\t\t\t<style>\/*! elementor - v3.7.8 - 02-10-2022 *\/\n.elementor-widget-image{text-align:center}.elementor-widget-image a{display:inline-block}.elementor-widget-image a img[src$=\".svg\"]{width:48px}.elementor-widget-image img{vertical-align:middle;display:inline-block}<\/style>\t\t\t\t\t\t\t\t\t\t\t\t<img loading=\"lazy\" decoding=\"async\" width=\"748\" height=\"494\" src=\"http:\/\/www.coralherrero.com\/wp-content\/uploads\/2022\/10\/marian_torres.png\" class=\"attachment-large size-large\" alt=\"\" srcset=\"http:\/\/www.coralherrero.com\/wp-content\/uploads\/2022\/10\/marian_torres.png 748w, http:\/\/www.coralherrero.com\/wp-content\/uploads\/2022\/10\/marian_torres-585x386.png 585w\" sizes=\"(max-width: 748px) 100vw, 748px\" \/>\t\t\t\t\t\t\t\t\t\t\t\t\t\t\t<\/div>\n\t\t\t\t<\/div>\n\t\t\t\t\t<\/div>\n\t\t<\/div>\n\t\t\t\t<div class=\"elementor-column elementor-col-25 elementor-top-column elementor-element elementor-element-c53f3c7\" data-id=\"c53f3c7\" data-element_type=\"column\">\n\t\t\t<div class=\"elementor-widget-wrap\">\n\t\t\t\t\t\t\t\t\t<\/div>\n\t\t<\/div>\n\t\t\t\t\t\t\t<\/div>\n\t\t<\/section>\n\t\t\t\t<section class=\"elementor-section elementor-top-section elementor-element elementor-element-1cdefd9 elementor-section-boxed elementor-section-height-default elementor-section-height-default\" data-id=\"1cdefd9\" data-element_type=\"section\">\n\t\t\t\t\t\t<div class=\"elementor-container elementor-column-gap-default\">\n\t\t\t\t\t<div class=\"elementor-column elementor-col-100 elementor-top-column elementor-element elementor-element-60e1c6c\" data-id=\"60e1c6c\" data-element_type=\"column\">\n\t\t\t<div class=\"elementor-widget-wrap elementor-element-populated\">\n\t\t\t\t\t\t\t\t<div class=\"elementor-element elementor-element-14ac762 elementor-widget elementor-widget-text-editor\" data-id=\"14ac762\" data-element_type=\"widget\" data-widget_type=\"text-editor.default\">\n\t\t\t\t<div class=\"elementor-widget-container\">\n\t\t\t<style>\/*! elementor - v3.7.8 - 02-10-2022 *\/\n.elementor-widget-text-editor.elementor-drop-cap-view-stacked .elementor-drop-cap{background-color:#818a91;color:#fff}.elementor-widget-text-editor.elementor-drop-cap-view-framed .elementor-drop-cap{color:#818a91;border:3px solid;background-color:transparent}.elementor-widget-text-editor:not(.elementor-drop-cap-view-default) .elementor-drop-cap{margin-top:8px}.elementor-widget-text-editor:not(.elementor-drop-cap-view-default) .elementor-drop-cap-letter{width:1em;height:1em}.elementor-widget-text-editor .elementor-drop-cap{float:left;text-align:center;line-height:1;font-size:50px}.elementor-widget-text-editor .elementor-drop-cap-letter{display:inline-block}<\/style>\t\t\t\t<p>Nacida en Castell\u00f3n, Marian Torres comienza sus estudios musicales de Canto en el Conservatorio de M\u00fasica Profesional obteniendo en 1996 el Premio de Honor y en 1999 el t\u00edtulo profesional de canto, tambi\u00e9n con Menci\u00f3n de Honor. Contin\u00faa sus estudios con M.\u00aa Llanos Mart\u00ednez, finalizando los cursos superiores en el Conservatorio del Liceo de Barcelona.<\/p><p>Torres ha recibido formaci\u00f3n en Masterclass con Francisco Kraus, Jean Philip Schutzel, el bar\u00edtono Jerzy Artysz, Isabel Penagos, Miguel Zanetti, M\u00aa Llanos Mart\u00ednez y Ana Mar\u00eda S\u00e1nchez, entre otros. Ha sido miembro de numerosas agrupaciones corales de Castell\u00f3n como Orfe\u00f3 Ciutat de Castell\u00f3, Cor de Cambra de Castell\u00f3, Turiae Camerata de Valencia y L\u2019Acad\u00e8mia d\u2019Orfeu de Castell\u00f3.<\/p><p>Participa en roles oper\u00edsticos de El elixir d\u2019amore de G. Donizetti, Dido y Eneas de E. Purcell, La Boh\u00e8me de G. Puccini, La flauta m\u00e1gica y Las bodas de F\u00edgaro de W.A. Mozart; y zarzuelas como La Revoltosa de R. Chap\u00ed, La Gran V\u00eda de Chueca y Valverde, Katiuska de P. Soroz\u00e1bal y La Chulapona de F.M.Torroba, junto con la Orquesta L\u00edrica de Castell\u00f3n.<\/p><p>Adem\u00e1s de solista es profesora de canto en el Conservatorio Profesional de M\u00fasica Joaqu\u00edn Rodrigo de Sagunto y colabora habitualmente como cantante de aumento en el Cor de la Generalitat Valenciana. <\/p>\t\t\t\t\t\t<\/div>\n\t\t\t\t<\/div>\n\t\t\t\t\t<\/div>\n\t\t<\/div>\n\t\t\t\t\t\t\t<\/div>\n\t\t<\/section>\n\t\t\t\t<section class=\"elementor-section elementor-top-section elementor-element elementor-element-1afa898 elementor-section-boxed elementor-section-height-default elementor-section-height-default\" data-id=\"1afa898\" data-element_type=\"section\">\n\t\t\t\t\t\t<div class=\"elementor-container elementor-column-gap-default\">\n\t\t\t\t\t<div class=\"elementor-column elementor-col-66 elementor-top-column elementor-element elementor-element-34d2380\" data-id=\"34d2380\" data-element_type=\"column\">\n\t\t\t<div class=\"elementor-widget-wrap\">\n\t\t\t\t\t\t\t\t\t<\/div>\n\t\t<\/div>\n\t\t\t\t<div class=\"elementor-column elementor-col-33 elementor-top-column elementor-element elementor-element-e7d1d31\" data-id=\"e7d1d31\" data-element_type=\"column\">\n\t\t\t<div class=\"elementor-widget-wrap elementor-element-populated\">\n\t\t\t\t\t\t\t\t<div class=\"elementor-element elementor-element-0cf52b6 e-transform elementor-widget elementor-widget-image\" data-id=\"0cf52b6\" data-element_type=\"widget\" data-settings=\"{&quot;_transform_scale_effect_hover&quot;:{&quot;unit&quot;:&quot;px&quot;,&quot;size&quot;:1.1,&quot;sizes&quot;:[]},&quot;_transform_scale_effect_hover_tablet&quot;:{&quot;unit&quot;:&quot;px&quot;,&quot;size&quot;:&quot;&quot;,&quot;sizes&quot;:[]},&quot;_transform_scale_effect_hover_mobile&quot;:{&quot;unit&quot;:&quot;px&quot;,&quot;size&quot;:&quot;&quot;,&quot;sizes&quot;:[]}}\" data-widget_type=\"image.default\">\n\t\t\t\t<div class=\"elementor-widget-container\">\n\t\t\t\t\t\t\t\t\t\t\t\t\t\t\t\t<a href=\"http:\/\/www.coralherrero.com\/?page_id=3087\">\n\t\t\t\t\t\t\t<img loading=\"lazy\" decoding=\"async\" width=\"585\" height=\"585\" src=\"http:\/\/www.coralherrero.com\/wp-content\/uploads\/2022\/10\/Logo-JR-Herrero-02-585x585.png\" class=\"attachment-malina-masonry size-malina-masonry\" alt=\"\" srcset=\"http:\/\/www.coralherrero.com\/wp-content\/uploads\/2022\/10\/Logo-JR-Herrero-02-585x585.png 585w, http:\/\/www.coralherrero.com\/wp-content\/uploads\/2022\/10\/Logo-JR-Herrero-02-160x160.png 160w, http:\/\/www.coralherrero.com\/wp-content\/uploads\/2022\/10\/Logo-JR-Herrero-02-768x768.png 768w, http:\/\/www.coralherrero.com\/wp-content\/uploads\/2022\/10\/Logo-JR-Herrero-02-1536x1536.png 1536w, http:\/\/www.coralherrero.com\/wp-content\/uploads\/2022\/10\/Logo-JR-Herrero-02-2048x2048.png 2048w\" sizes=\"(max-width: 585px) 100vw, 585px\" \/>\t\t\t\t\t\t\t\t<\/a>\n\t\t\t\t\t\t\t\t\t\t\t\t\t\t\t<\/div>\n\t\t\t\t<\/div>\n\t\t\t\t\t<\/div>\n\t\t<\/div>\n\t\t\t\t\t\t\t<\/div>\n\t\t<\/section>\n\t\t\t\t\t\t\t<\/div>\n\t\t","protected":false},"excerpt":{"rendered":"<p>Nacida en Castell\u00f3n, Marian Torres comienza sus estudios musicales de Canto en el Conservatorio de M\u00fasica Profesional obteniendo en 1996 el Premio de Honor y en 1999 el t\u00edtulo profesional de canto, tambi\u00e9n con Menci\u00f3n de Honor. Contin\u00faa sus estudios con M.\u00aa Llanos Mart\u00ednez, finalizando los cursos superiores en el Conservatorio del Liceo de Barcelona.<\/p>\n","protected":false},"author":1,"featured_media":0,"parent":0,"menu_order":0,"comment_status":"closed","ping_status":"closed","template":"","meta":{"footnotes":""},"yoast_head":"<!-- This site is optimized with the Yoast SEO plugin v19.9 - https:\/\/yoast.com\/wordpress\/plugins\/seo\/ -->\n<title>Marian Torres - Soprano - Coral Juan Ram\u00f3n Herrero<\/title>\n<meta name=\"robots\" content=\"index, follow, max-snippet:-1, max-image-preview:large, max-video-preview:-1\" \/>\n<link rel=\"canonical\" href=\"http:\/\/www.coralherrero.com\/?page_id=3143\" \/>\n<meta property=\"og:locale\" content=\"es_ES\" \/>\n<meta property=\"og:type\" content=\"article\" \/>\n<meta property=\"og:title\" content=\"Marian Torres - Soprano - Coral Juan Ram\u00f3n Herrero\" \/>\n<meta property=\"og:description\" content=\"Nacida en Castell\u00f3n, Marian Torres comienza sus estudios musicales de Canto en el Conservatorio de M\u00fasica Profesional obteniendo en 1996 el Premio de Honor y en 1999 el t\u00edtulo profesional de canto, tambi\u00e9n con Menci\u00f3n de Honor. Contin\u00faa sus estudios con M.\u00aa Llanos Mart\u00ednez, finalizando los cursos superiores en el Conservatorio del Liceo de Barcelona.\" \/>\n<meta property=\"og:url\" content=\"http:\/\/www.coralherrero.com\/?page_id=3143\" \/>\n<meta property=\"og:site_name\" content=\"Coral Juan Ram\u00f3n Herrero\" \/>\n<meta property=\"article:publisher\" content=\"https:\/\/www.facebook.com\/CoralJuanRamonHerrero\" \/>\n<meta property=\"article:modified_time\" content=\"2022-10-19T21:50:22+00:00\" \/>\n<meta property=\"og:image\" content=\"http:\/\/www.coralherrero.com\/wp-content\/uploads\/2022\/10\/marian_torres.png\" \/>\n<meta name=\"twitter:card\" content=\"summary_large_image\" \/>\n<meta name=\"twitter:label1\" content=\"Tiempo de lectura\" \/>\n\t<meta name=\"twitter:data1\" content=\"2 minutos\" \/>\n<script type=\"application\/ld+json\" class=\"yoast-schema-graph\">{\"@context\":\"https:\/\/schema.org\",\"@graph\":[{\"@type\":\"WebPage\",\"@id\":\"http:\/\/www.coralherrero.com\/?page_id=3143\",\"url\":\"http:\/\/www.coralherrero.com\/?page_id=3143\",\"name\":\"Marian Torres - Soprano - Coral Juan Ram\u00f3n Herrero\",\"isPartOf\":{\"@id\":\"http:\/\/www.coralherrero.com\/#website\"},\"datePublished\":\"2022-10-19T21:35:49+00:00\",\"dateModified\":\"2022-10-19T21:50:22+00:00\",\"breadcrumb\":{\"@id\":\"http:\/\/www.coralherrero.com\/?page_id=3143#breadcrumb\"},\"inLanguage\":\"es\",\"potentialAction\":[{\"@type\":\"ReadAction\",\"target\":[\"http:\/\/www.coralherrero.com\/?page_id=3143\"]}]},{\"@type\":\"BreadcrumbList\",\"@id\":\"http:\/\/www.coralherrero.com\/?page_id=3143#breadcrumb\",\"itemListElement\":[{\"@type\":\"ListItem\",\"position\":1,\"name\":\"Portada\",\"item\":\"http:\/\/www.coralherrero.com\/\"},{\"@type\":\"ListItem\",\"position\":2,\"name\":\"Marian Torres &#8211; Soprano\"}]},{\"@type\":\"WebSite\",\"@id\":\"http:\/\/www.coralherrero.com\/#website\",\"url\":\"http:\/\/www.coralherrero.com\/\",\"name\":\"Coral Juan Ram\u00f3n Herrero\",\"description\":\"\",\"publisher\":{\"@id\":\"http:\/\/www.coralherrero.com\/#organization\"},\"potentialAction\":[{\"@type\":\"SearchAction\",\"target\":{\"@type\":\"EntryPoint\",\"urlTemplate\":\"http:\/\/www.coralherrero.com\/?s={search_term_string}\"},\"query-input\":\"required name=search_term_string\"}],\"inLanguage\":\"es\"},{\"@type\":\"Organization\",\"@id\":\"http:\/\/www.coralherrero.com\/#organization\",\"name\":\"Coral Juan Ram\u00f3n Herrero\",\"url\":\"http:\/\/www.coralherrero.com\/\",\"logo\":{\"@type\":\"ImageObject\",\"inLanguage\":\"es\",\"@id\":\"http:\/\/www.coralherrero.com\/#\/schema\/logo\/image\/\",\"url\":\"http:\/\/www.coralherrero.com\/wp-content\/uploads\/2022\/09\/logo200x2001.jpg\",\"contentUrl\":\"http:\/\/www.coralherrero.com\/wp-content\/uploads\/2022\/09\/logo200x2001.jpg\",\"width\":200,\"height\":200,\"caption\":\"Coral Juan Ram\u00f3n Herrero\"},\"image\":{\"@id\":\"http:\/\/www.coralherrero.com\/#\/schema\/logo\/image\/\"},\"sameAs\":[\"https:\/\/www.instagram.com\/coral.jrh\/\",\"https:\/\/www.facebook.com\/CoralJuanRamonHerrero\"]}]}<\/script>\n<!-- \/ Yoast SEO plugin. -->","yoast_head_json":{"title":"Marian Torres - Soprano - Coral Juan Ram\u00f3n Herrero","robots":{"index":"index","follow":"follow","max-snippet":"max-snippet:-1","max-image-preview":"max-image-preview:large","max-video-preview":"max-video-preview:-1"},"canonical":"http:\/\/www.coralherrero.com\/?page_id=3143","og_locale":"es_ES","og_type":"article","og_title":"Marian Torres - Soprano - Coral Juan Ram\u00f3n Herrero","og_description":"Nacida en Castell\u00f3n, Marian Torres comienza sus estudios musicales de Canto en el Conservatorio de M\u00fasica Profesional obteniendo en 1996 el Premio de Honor y en 1999 el t\u00edtulo profesional de canto, tambi\u00e9n con Menci\u00f3n de Honor. Contin\u00faa sus estudios con M.\u00aa Llanos Mart\u00ednez, finalizando los cursos superiores en el Conservatorio del Liceo de Barcelona.","og_url":"http:\/\/www.coralherrero.com\/?page_id=3143","og_site_name":"Coral Juan Ram\u00f3n Herrero","article_publisher":"https:\/\/www.facebook.com\/CoralJuanRamonHerrero","article_modified_time":"2022-10-19T21:50:22+00:00","og_image":[{"url":"http:\/\/www.coralherrero.com\/wp-content\/uploads\/2022\/10\/marian_torres.png"}],"twitter_card":"summary_large_image","twitter_misc":{"Tiempo de lectura":"2 minutos"},"schema":{"@context":"https:\/\/schema.org","@graph":[{"@type":"WebPage","@id":"http:\/\/www.coralherrero.com\/?page_id=3143","url":"http:\/\/www.coralherrero.com\/?page_id=3143","name":"Marian Torres - Soprano - Coral Juan Ram\u00f3n Herrero","isPartOf":{"@id":"http:\/\/www.coralherrero.com\/#website"},"datePublished":"2022-10-19T21:35:49+00:00","dateModified":"2022-10-19T21:50:22+00:00","breadcrumb":{"@id":"http:\/\/www.coralherrero.com\/?page_id=3143#breadcrumb"},"inLanguage":"es","potentialAction":[{"@type":"ReadAction","target":["http:\/\/www.coralherrero.com\/?page_id=3143"]}]},{"@type":"BreadcrumbList","@id":"http:\/\/www.coralherrero.com\/?page_id=3143#breadcrumb","itemListElement":[{"@type":"ListItem","position":1,"name":"Portada","item":"http:\/\/www.coralherrero.com\/"},{"@type":"ListItem","position":2,"name":"Marian Torres &#8211; Soprano"}]},{"@type":"WebSite","@id":"http:\/\/www.coralherrero.com\/#website","url":"http:\/\/www.coralherrero.com\/","name":"Coral Juan Ram\u00f3n Herrero","description":"","publisher":{"@id":"http:\/\/www.coralherrero.com\/#organization"},"potentialAction":[{"@type":"SearchAction","target":{"@type":"EntryPoint","urlTemplate":"http:\/\/www.coralherrero.com\/?s={search_term_string}"},"query-input":"required name=search_term_string"}],"inLanguage":"es"},{"@type":"Organization","@id":"http:\/\/www.coralherrero.com\/#organization","name":"Coral Juan Ram\u00f3n Herrero","url":"http:\/\/www.coralherrero.com\/","logo":{"@type":"ImageObject","inLanguage":"es","@id":"http:\/\/www.coralherrero.com\/#\/schema\/logo\/image\/","url":"http:\/\/www.coralherrero.com\/wp-content\/uploads\/2022\/09\/logo200x2001.jpg","contentUrl":"http:\/\/www.coralherrero.com\/wp-content\/uploads\/2022\/09\/logo200x2001.jpg","width":200,"height":200,"caption":"Coral Juan Ram\u00f3n Herrero"},"image":{"@id":"http:\/\/www.coralherrero.com\/#\/schema\/logo\/image\/"},"sameAs":["https:\/\/www.instagram.com\/coral.jrh\/","https:\/\/www.facebook.com\/CoralJuanRamonHerrero"]}]}},"_links":{"self":[{"href":"http:\/\/www.coralherrero.com\/index.php?rest_route=\/wp\/v2\/pages\/3143"}],"collection":[{"href":"http:\/\/www.coralherrero.com\/index.php?rest_route=\/wp\/v2\/pages"}],"about":[{"href":"http:\/\/www.coralherrero.com\/index.php?rest_route=\/wp\/v2\/types\/page"}],"author":[{"embeddable":true,"href":"http:\/\/www.coralherrero.com\/index.php?rest_route=\/wp\/v2\/users\/1"}],"replies":[{"embeddable":true,"href":"http:\/\/www.coralherrero.com\/index.php?rest_route=%2Fwp%2Fv2%2Fcomments&post=3143"}],"version-history":[{"count":13,"href":"http:\/\/www.coralherrero.com\/index.php?rest_route=\/wp\/v2\/pages\/3143\/revisions"}],"predecessor-version":[{"id":3193,"href":"http:\/\/www.coralherrero.com\/index.php?rest_route=\/wp\/v2\/pages\/3143\/revisions\/3193"}],"wp:attachment":[{"href":"http:\/\/www.coralherrero.com\/index.php?rest_route=%2Fwp%2Fv2%2Fmedia&parent=3143"}],"curies":[{"name":"wp","href":"https:\/\/api.w.org\/{rel}","templated":true}]}}