{"id":2403,"date":"2022-09-30T17:33:27","date_gmt":"2022-09-30T17:33:27","guid":{"rendered":"http:\/\/www.coralherrero.com\/?page_id=2403"},"modified":"2022-10-06T19:53:05","modified_gmt":"2022-10-06T19:53:05","slug":"encuentro-coral-de-musica-sacra","status":"publish","type":"page","link":"http:\/\/www.coralherrero.com\/?page_id=2403","title":{"rendered":"ENCUENTRO CORAL DE M\u00daSICA SACRA"},"content":{"rendered":"\t\t<div data-elementor-type=\"wp-page\" data-elementor-id=\"2403\" class=\"elementor elementor-2403\">\n\t\t\t\t\t\t\t\t\t<section class=\"elementor-section elementor-top-section elementor-element elementor-element-467fe2f elementor-section-boxed elementor-section-height-default elementor-section-height-default\" data-id=\"467fe2f\" data-element_type=\"section\">\n\t\t\t\t\t\t<div class=\"elementor-container elementor-column-gap-default\">\n\t\t\t\t\t<div class=\"elementor-column elementor-col-100 elementor-top-column elementor-element elementor-element-6039b4f\" data-id=\"6039b4f\" data-element_type=\"column\">\n\t\t\t<div class=\"elementor-widget-wrap elementor-element-populated\">\n\t\t\t\t\t\t\t\t<div class=\"elementor-element elementor-element-fb4bdfc elementor-widget elementor-widget-text-editor\" data-id=\"fb4bdfc\" data-element_type=\"widget\" data-widget_type=\"text-editor.default\">\n\t\t\t\t<div class=\"elementor-widget-container\">\n\t\t\t<style>\/*! elementor - v3.7.8 - 02-10-2022 *\/\n.elementor-widget-text-editor.elementor-drop-cap-view-stacked .elementor-drop-cap{background-color:#818a91;color:#fff}.elementor-widget-text-editor.elementor-drop-cap-view-framed .elementor-drop-cap{color:#818a91;border:3px solid;background-color:transparent}.elementor-widget-text-editor:not(.elementor-drop-cap-view-default) .elementor-drop-cap{margin-top:8px}.elementor-widget-text-editor:not(.elementor-drop-cap-view-default) .elementor-drop-cap-letter{width:1em;height:1em}.elementor-widget-text-editor .elementor-drop-cap{float:left;text-align:center;line-height:1;font-size:50px}.elementor-widget-text-editor .elementor-drop-cap-letter{display:inline-block}<\/style>\t\t\t\t<p>La m\u00fasica sacra ha sido una parte fundamental en la historia cultural musical de occidente. Fue creada para ser interpretada cantada, tocada instrumentalmente o en combinaci\u00f3n, siempre con motivo de actos lit\u00fargicos o religiosos. Las iglesias han sido su principal escenario de interpretaci\u00f3n aunque en la actualidad puede escucharse en otros foros.<br \/>En este encuentro actuar\u00e1n las corales:<\/p><p style=\"text-align: center;\">CORAL JUAN RAM\u00d3N HERRERO<\/p><p style=\"text-align: center;\">CORAL VICENT RIPOLL\u00c9S<\/p><p style=\"text-align: center;\">CORO FECOCOVA <\/p><p style=\"text-align: center;\">(Federaci\u00f3n de Coros de la Comunidad Valenciana)<\/p>\t\t\t\t\t\t<\/div>\n\t\t\t\t<\/div>\n\t\t\t\t\t<\/div>\n\t\t<\/div>\n\t\t\t\t\t\t\t<\/div>\n\t\t<\/section>\n\t\t\t\t<section class=\"elementor-section elementor-top-section elementor-element elementor-element-9dd61d5 elementor-section-boxed elementor-section-height-default elementor-section-height-default\" data-id=\"9dd61d5\" data-element_type=\"section\">\n\t\t\t\t\t\t<div class=\"elementor-container elementor-column-gap-default\">\n\t\t\t\t\t<div class=\"elementor-column elementor-col-25 elementor-top-column elementor-element elementor-element-eaea388\" data-id=\"eaea388\" data-element_type=\"column\">\n\t\t\t<div class=\"elementor-widget-wrap\">\n\t\t\t\t\t\t\t\t\t<\/div>\n\t\t<\/div>\n\t\t\t\t<div class=\"elementor-column elementor-col-50 elementor-top-column elementor-element elementor-element-0ac3755\" data-id=\"0ac3755\" data-element_type=\"column\">\n\t\t\t<div class=\"elementor-widget-wrap elementor-element-populated\">\n\t\t\t\t\t\t\t\t<div class=\"elementor-element elementor-element-3ed2260 elementor-widget elementor-widget-image\" data-id=\"3ed2260\" data-element_type=\"widget\" data-widget_type=\"image.default\">\n\t\t\t\t<div class=\"elementor-widget-container\">\n\t\t\t<style>\/*! elementor - v3.7.8 - 02-10-2022 *\/\n.elementor-widget-image{text-align:center}.elementor-widget-image a{display:inline-block}.elementor-widget-image a img[src$=\".svg\"]{width:48px}.elementor-widget-image img{vertical-align:middle;display:inline-block}<\/style>\t\t\t\t\t\t\t\t\t\t\t\t<img loading=\"lazy\" decoding=\"async\" width=\"1086\" height=\"1536\" src=\"http:\/\/www.coralherrero.com\/wp-content\/uploads\/2022\/10\/Musica-Sacra-a-Castello-Cartell_page-0001-min-1448x2048-1-1086x1536.jpeg\" class=\"attachment-1536x1536 size-1536x1536\" alt=\"\" srcset=\"http:\/\/www.coralherrero.com\/wp-content\/uploads\/2022\/10\/Musica-Sacra-a-Castello-Cartell_page-0001-min-1448x2048-1-1086x1536.jpeg 1086w, http:\/\/www.coralherrero.com\/wp-content\/uploads\/2022\/10\/Musica-Sacra-a-Castello-Cartell_page-0001-min-1448x2048-1-768x1086.jpeg 768w, http:\/\/www.coralherrero.com\/wp-content\/uploads\/2022\/10\/Musica-Sacra-a-Castello-Cartell_page-0001-min-1448x2048-1-585x827.jpeg 585w, http:\/\/www.coralherrero.com\/wp-content\/uploads\/2022\/10\/Musica-Sacra-a-Castello-Cartell_page-0001-min-1448x2048-1.jpeg 1448w\" sizes=\"(max-width: 1086px) 100vw, 1086px\" \/>\t\t\t\t\t\t\t\t\t\t\t\t\t\t\t<\/div>\n\t\t\t\t<\/div>\n\t\t\t\t\t<\/div>\n\t\t<\/div>\n\t\t\t\t<div class=\"elementor-column elementor-col-25 elementor-top-column elementor-element elementor-element-4576e58\" data-id=\"4576e58\" data-element_type=\"column\">\n\t\t\t<div class=\"elementor-widget-wrap\">\n\t\t\t\t\t\t\t\t\t<\/div>\n\t\t<\/div>\n\t\t\t\t\t\t\t<\/div>\n\t\t<\/section>\n\t\t\t\t\t\t\t<\/div>\n\t\t","protected":false},"excerpt":{"rendered":"<p>La m\u00fasica sacra ha sido una parte fundamental en la historia cultural musical de occidente. Fue creada para ser interpretada cantada, tocada instrumentalmente o en combinaci\u00f3n, siempre con motivo de actos lit\u00fargicos o religiosos. Las iglesias han sido su principal escenario de interpretaci\u00f3n aunque en la actualidad puede escucharse en otros foros. En este encuentro<\/p>\n","protected":false},"author":1,"featured_media":0,"parent":0,"menu_order":0,"comment_status":"closed","ping_status":"closed","template":"","meta":{"footnotes":""},"yoast_head":"<!-- This site is optimized with the Yoast SEO plugin v19.9 - https:\/\/yoast.com\/wordpress\/plugins\/seo\/ -->\n<title>ENCUENTRO CORAL DE M\u00daSICA SACRA - Coral Juan Ram\u00f3n Herrero<\/title>\n<meta name=\"robots\" content=\"index, follow, max-snippet:-1, max-image-preview:large, max-video-preview:-1\" \/>\n<link rel=\"canonical\" href=\"http:\/\/www.coralherrero.com\/?page_id=2403\" \/>\n<meta property=\"og:locale\" content=\"es_ES\" \/>\n<meta property=\"og:type\" content=\"article\" \/>\n<meta property=\"og:title\" content=\"ENCUENTRO CORAL DE M\u00daSICA SACRA - Coral Juan Ram\u00f3n Herrero\" \/>\n<meta property=\"og:description\" content=\"La m\u00fasica sacra ha sido una parte fundamental en la historia cultural musical de occidente. Fue creada para ser interpretada cantada, tocada instrumentalmente o en combinaci\u00f3n, siempre con motivo de actos lit\u00fargicos o religiosos. Las iglesias han sido su principal escenario de interpretaci\u00f3n aunque en la actualidad puede escucharse en otros foros. En este encuentro\" \/>\n<meta property=\"og:url\" content=\"http:\/\/www.coralherrero.com\/?page_id=2403\" \/>\n<meta property=\"og:site_name\" content=\"Coral Juan Ram\u00f3n Herrero\" \/>\n<meta property=\"article:publisher\" content=\"https:\/\/www.facebook.com\/CoralJuanRamonHerrero\" \/>\n<meta property=\"article:modified_time\" content=\"2022-10-06T19:53:05+00:00\" \/>\n<meta property=\"og:image\" content=\"http:\/\/www.coralherrero.com\/wp-content\/uploads\/2022\/10\/Musica-Sacra-a-Castello-Cartell_page-0001-min-1448x2048-1-1086x1536.jpeg\" \/>\n<meta name=\"twitter:card\" content=\"summary_large_image\" \/>\n<meta name=\"twitter:label1\" content=\"Tiempo de lectura\" \/>\n\t<meta name=\"twitter:data1\" content=\"1 minuto\" \/>\n<script type=\"application\/ld+json\" class=\"yoast-schema-graph\">{\"@context\":\"https:\/\/schema.org\",\"@graph\":[{\"@type\":\"WebPage\",\"@id\":\"http:\/\/www.coralherrero.com\/?page_id=2403\",\"url\":\"http:\/\/www.coralherrero.com\/?page_id=2403\",\"name\":\"ENCUENTRO CORAL DE M\u00daSICA SACRA - Coral Juan Ram\u00f3n Herrero\",\"isPartOf\":{\"@id\":\"http:\/\/www.coralherrero.com\/#website\"},\"datePublished\":\"2022-09-30T17:33:27+00:00\",\"dateModified\":\"2022-10-06T19:53:05+00:00\",\"breadcrumb\":{\"@id\":\"http:\/\/www.coralherrero.com\/?page_id=2403#breadcrumb\"},\"inLanguage\":\"es\",\"potentialAction\":[{\"@type\":\"ReadAction\",\"target\":[\"http:\/\/www.coralherrero.com\/?page_id=2403\"]}]},{\"@type\":\"BreadcrumbList\",\"@id\":\"http:\/\/www.coralherrero.com\/?page_id=2403#breadcrumb\",\"itemListElement\":[{\"@type\":\"ListItem\",\"position\":1,\"name\":\"Portada\",\"item\":\"http:\/\/www.coralherrero.com\/\"},{\"@type\":\"ListItem\",\"position\":2,\"name\":\"ENCUENTRO CORAL DE M\u00daSICA SACRA\"}]},{\"@type\":\"WebSite\",\"@id\":\"http:\/\/www.coralherrero.com\/#website\",\"url\":\"http:\/\/www.coralherrero.com\/\",\"name\":\"Coral Juan Ram\u00f3n Herrero\",\"description\":\"\",\"publisher\":{\"@id\":\"http:\/\/www.coralherrero.com\/#organization\"},\"potentialAction\":[{\"@type\":\"SearchAction\",\"target\":{\"@type\":\"EntryPoint\",\"urlTemplate\":\"http:\/\/www.coralherrero.com\/?s={search_term_string}\"},\"query-input\":\"required name=search_term_string\"}],\"inLanguage\":\"es\"},{\"@type\":\"Organization\",\"@id\":\"http:\/\/www.coralherrero.com\/#organization\",\"name\":\"Coral Juan Ram\u00f3n Herrero\",\"url\":\"http:\/\/www.coralherrero.com\/\",\"logo\":{\"@type\":\"ImageObject\",\"inLanguage\":\"es\",\"@id\":\"http:\/\/www.coralherrero.com\/#\/schema\/logo\/image\/\",\"url\":\"http:\/\/www.coralherrero.com\/wp-content\/uploads\/2022\/09\/logo200x2001.jpg\",\"contentUrl\":\"http:\/\/www.coralherrero.com\/wp-content\/uploads\/2022\/09\/logo200x2001.jpg\",\"width\":200,\"height\":200,\"caption\":\"Coral Juan Ram\u00f3n Herrero\"},\"image\":{\"@id\":\"http:\/\/www.coralherrero.com\/#\/schema\/logo\/image\/\"},\"sameAs\":[\"https:\/\/www.instagram.com\/coral.jrh\/\",\"https:\/\/www.facebook.com\/CoralJuanRamonHerrero\"]}]}<\/script>\n<!-- \/ Yoast SEO plugin. -->","yoast_head_json":{"title":"ENCUENTRO CORAL DE M\u00daSICA SACRA - Coral Juan Ram\u00f3n Herrero","robots":{"index":"index","follow":"follow","max-snippet":"max-snippet:-1","max-image-preview":"max-image-preview:large","max-video-preview":"max-video-preview:-1"},"canonical":"http:\/\/www.coralherrero.com\/?page_id=2403","og_locale":"es_ES","og_type":"article","og_title":"ENCUENTRO CORAL DE M\u00daSICA SACRA - Coral Juan Ram\u00f3n Herrero","og_description":"La m\u00fasica sacra ha sido una parte fundamental en la historia cultural musical de occidente. Fue creada para ser interpretada cantada, tocada instrumentalmente o en combinaci\u00f3n, siempre con motivo de actos lit\u00fargicos o religiosos. Las iglesias han sido su principal escenario de interpretaci\u00f3n aunque en la actualidad puede escucharse en otros foros. En este encuentro","og_url":"http:\/\/www.coralherrero.com\/?page_id=2403","og_site_name":"Coral Juan Ram\u00f3n Herrero","article_publisher":"https:\/\/www.facebook.com\/CoralJuanRamonHerrero","article_modified_time":"2022-10-06T19:53:05+00:00","og_image":[{"url":"http:\/\/www.coralherrero.com\/wp-content\/uploads\/2022\/10\/Musica-Sacra-a-Castello-Cartell_page-0001-min-1448x2048-1-1086x1536.jpeg"}],"twitter_card":"summary_large_image","twitter_misc":{"Tiempo de lectura":"1 minuto"},"schema":{"@context":"https:\/\/schema.org","@graph":[{"@type":"WebPage","@id":"http:\/\/www.coralherrero.com\/?page_id=2403","url":"http:\/\/www.coralherrero.com\/?page_id=2403","name":"ENCUENTRO CORAL DE M\u00daSICA SACRA - Coral Juan Ram\u00f3n Herrero","isPartOf":{"@id":"http:\/\/www.coralherrero.com\/#website"},"datePublished":"2022-09-30T17:33:27+00:00","dateModified":"2022-10-06T19:53:05+00:00","breadcrumb":{"@id":"http:\/\/www.coralherrero.com\/?page_id=2403#breadcrumb"},"inLanguage":"es","potentialAction":[{"@type":"ReadAction","target":["http:\/\/www.coralherrero.com\/?page_id=2403"]}]},{"@type":"BreadcrumbList","@id":"http:\/\/www.coralherrero.com\/?page_id=2403#breadcrumb","itemListElement":[{"@type":"ListItem","position":1,"name":"Portada","item":"http:\/\/www.coralherrero.com\/"},{"@type":"ListItem","position":2,"name":"ENCUENTRO CORAL DE M\u00daSICA SACRA"}]},{"@type":"WebSite","@id":"http:\/\/www.coralherrero.com\/#website","url":"http:\/\/www.coralherrero.com\/","name":"Coral Juan Ram\u00f3n Herrero","description":"","publisher":{"@id":"http:\/\/www.coralherrero.com\/#organization"},"potentialAction":[{"@type":"SearchAction","target":{"@type":"EntryPoint","urlTemplate":"http:\/\/www.coralherrero.com\/?s={search_term_string}"},"query-input":"required name=search_term_string"}],"inLanguage":"es"},{"@type":"Organization","@id":"http:\/\/www.coralherrero.com\/#organization","name":"Coral Juan Ram\u00f3n Herrero","url":"http:\/\/www.coralherrero.com\/","logo":{"@type":"ImageObject","inLanguage":"es","@id":"http:\/\/www.coralherrero.com\/#\/schema\/logo\/image\/","url":"http:\/\/www.coralherrero.com\/wp-content\/uploads\/2022\/09\/logo200x2001.jpg","contentUrl":"http:\/\/www.coralherrero.com\/wp-content\/uploads\/2022\/09\/logo200x2001.jpg","width":200,"height":200,"caption":"Coral Juan Ram\u00f3n Herrero"},"image":{"@id":"http:\/\/www.coralherrero.com\/#\/schema\/logo\/image\/"},"sameAs":["https:\/\/www.instagram.com\/coral.jrh\/","https:\/\/www.facebook.com\/CoralJuanRamonHerrero"]}]}},"_links":{"self":[{"href":"http:\/\/www.coralherrero.com\/index.php?rest_route=\/wp\/v2\/pages\/2403"}],"collection":[{"href":"http:\/\/www.coralherrero.com\/index.php?rest_route=\/wp\/v2\/pages"}],"about":[{"href":"http:\/\/www.coralherrero.com\/index.php?rest_route=\/wp\/v2\/types\/page"}],"author":[{"embeddable":true,"href":"http:\/\/www.coralherrero.com\/index.php?rest_route=\/wp\/v2\/users\/1"}],"replies":[{"embeddable":true,"href":"http:\/\/www.coralherrero.com\/index.php?rest_route=%2Fwp%2Fv2%2Fcomments&post=2403"}],"version-history":[{"count":12,"href":"http:\/\/www.coralherrero.com\/index.php?rest_route=\/wp\/v2\/pages\/2403\/revisions"}],"predecessor-version":[{"id":2711,"href":"http:\/\/www.coralherrero.com\/index.php?rest_route=\/wp\/v2\/pages\/2403\/revisions\/2711"}],"wp:attachment":[{"href":"http:\/\/www.coralherrero.com\/index.php?rest_route=%2Fwp%2Fv2%2Fmedia&parent=2403"}],"curies":[{"name":"wp","href":"https:\/\/api.w.org\/{rel}","templated":true}]}}